19*b + 9224. Calculate l(-10).
-966
Let u(m) = -8*m**3 + 27*m**2 + 267*m + 35. Determine u(-4).
-89
Let o(j) = -164*j**2 + 470*j - 27. Calculate o(3).
-93
Let u(c) = 18090*c + 777558. Calculate u(-43).
-312
Let d(c) = -13667*c - 1831374. Give d(-134).
4
Let h(g) = -396*g**2 + 129*g - 242. Calculate h(2).
-1568
Let o(b) = -b**3 + 32*b**2 - 12*b + 127. What is o(33)?
-1358
Let j(u) = u**3 + 42*u**2 - 10864*u + 46302. Calculate j(-129).
-9
Let f(d) = 6*d**2 - 836*d + 469. Determine f(139).
191
Let n(j) = -j**3 + 51*j**2 + 1193*j - 3. Determine n(69).
-3384
Let t(b) = -415540*b - 3739858. Calculate t(-9).
2
Let r(v) = -2*v**3 + 673*v**2 - 14157*v + 8462. What is r(314)?
-16
Let z(m) = -28608*m + 3347190. Calculate z(117).
54
Let a(c) = -c**3 - 48*c**2 + 1019*c - 177. Calculate a(-64).
143
Let s(i) = i**3 - 163*i**2 + 3847*i - 596979. Calculate s(162).
-9
Let j(y) = 4*y**2 + 214*y + 1064. Give j(-48).
8
Let l(z) = 62*z - 1172. What is l(6)?
-800
Let c(g) = g**3 - 35*g**2 + 199*g + 6. Give c(28).
90
Let z(c) = c**3 - 264*c**2 + 2541*c - 257. What is z(254)?
-3
Let o(d) = -16600*d - 9926806. Determine o(-598).
-6
Let j(f) = 5276*f + 337370. Calculate j(-64).
-294
Let q(b) = -2*b**3 + 831*b**2 - 8486*b - 7703. Calculate q(405).
-8
Let d(q) = -5*q**3 - 201*q**2 - 26*q + 420. What is d(-40)?
-140
Let p(t) = -9*t**3 - 1065*t**2 + 591*t - 14634. Calculate p(-119).
3
Let i(u) = -u**2 + 3983*u + 71376. Determine i(-18).
-642
Let q(f) = 7107*f - 1023434. Give q(144).
-26
Let h(d) = 4637*d + 18873. What is h(-4)?
325
Let d(x) = -19063*x - 438459. What is d(-23)?
-10
Let u(c) = -9*c**2 + 297*c + 1278. Give u(35).
648
Let g(b) = -b**2 - 57*b - 657. Give g(-50).
-307
Let y(n) = n**3 - 454*n**2 + 786*n - 150845. Calculate y(453).
4
Let v(t) = 10*t**2 - 3179*t - 3507. Give v(319).
2
Let m(k) = -29*k**3 + 181*k**2 + 717*k + 40. What is m(-4)?
1924
Let u(w) = 101*w**3 + 6*w**2 + 60*w - 134. Give u(2).
818
Let k(l) = 80685*l - 2985322. What is k(37)?
23
Let n(a) = 16*a**3 - 3*a**2 - 234*a + 235. Give n(1).
14
Let j(v) = -13906*v + 167124. Determine j(12).
252
Let l(h) = 180*h + 2845. Give l(-13).
505
Let j(y) = -2*y**2 + 56*y + 3559. Determine j(58).
79
Let u(q) = -q**3 + 293*q**2 + 178782*q + 7120. Give u(594).
-8
Let o(r) = r**2 + 68627*r - 5496568. Calculate o(80).
-8
Let m(g) = 17*g**2 + 1031*g + 12475. What is m(-44)?
23
Let j(d) = 373*d - 357. What is j(1)?
16
Let t(h) = h**3 - 145*h**2 + 2821*h - 267. Determine t(23).
78
Let b(d) = -20*d**2 + 133*d + 23. What is b(7)?
-26
Let j(s) = -75*s + 6924. What is j(86)?
474
Let p(l) = l**3 + 4*l**2 - 277*l + 1479. What is p(8)?
31
Let d(v) = -5*v**3 - 366*v**2 - 57*v + 1159. What is d(-73)?
-9
Let s(l) = 133*l + 30341. What is s(-191)?
4938
Let n(w) = -20*w - 1572. Give n(-75).
-72
Let c(t) = t**3 + 245*t**2 + 5234*t + 7209. Give c(-22).
-7
Let x(q) = -370*q - 92677. Give x(-250).
-177
Let o(m) = 2*m**3 + 51*m**2 + m - 8. Determine o(0).
-8
Let k(t) = 2*t**3 + 61*t**2 - 317*t - 12442. Calculate k(-29).
-726
Let x(h) = -4*h**2 - 121*h - 1878. Determine x(-16).
-966
Let f(d) = 22*d**2 - 6*d - 217. Determine f(-8).
1239
Let i(x) = -56*x**2 + 6270*x + 46904. Determine i(119).
18
Let l(t) = 15*t**3 + 813*t**2 - 671*t - 596. What is l(-55)?
9
Let m(l) = -5*l**3 - 209*l**2 + 99*l + 215. Give m(-42).
-2179
Let l(i) = -75*i**2 - 9444*i + 758. Give l(-126).
2
Let f(j) = -6*j**3 - 70*j**2 - 184*j + 13. Give f(-8).
77
Let g(y) = 3*y**2 - 228*y + 2579. Determine g(14).
-25
Let a(v) = 659*v - 104914. Calculate a(158).
-792
Let l(m) = m**3 + 509*m**2 + 23366*m + 3660. What is l(-458)?
-4
Let k(v) = -v**3 + 89*v**2 - 54*v - 210. Determine k(88).
2782
Let w(m) = m**3 + 36*m**2 - 452*m + 316. Give w(-46).
-52
Let h(g) = 2*g**2 - 3999*g - 20016. Give h(-5).
29
Let s(o) = 11*o**3 + 9*o**2 + 34*o + 31. Calculate s(-3).
-287
Let b(h) = h**2 + 812*h - 20053. Calculate b(24).
11
Let c(n) = -424*n - 13368. Determine c(-31).
-224
Let s(u) = -2589*u - 595478. Give s(-230).
-8
Let s(l) = -8*l**2 + 9824*l - 116735. What is s(12)?
1
Let j(g) = g**2 + 2021*g + 71707. Calculate j(-37).
-1701
Let h(k) = -2*k**2 - 2498*k - 24771. Give h(-10).
9
Let n(u) = -u**3 + 15*u**2 - 35*u - 42. Determine n(17).
-1215
Let c(k) = 2*k**3 - 239*k**2 - 377*k + 1169. What is c(121)?
-525
Let y(f) = 12*f**2 - 25926*f - 25931. What is y(-1)?
7
Let y(w) = -17*w - 1154. Calculate y(-64).
-66
Let d(g) = -2*g**3 + 123*g**2 + 2479*g + 8. What is d(-16)?
24
Let g(r) = 53*r + 533. What is g(-13)?
-156
Let p(a) = -266*a + 55528. Give p(209).
-66
Let y(r) = 35*r**3 + 7942*r**2 - 692*r - 2518. Calculate y(-227).
-21
Let q(m) = -2*m**3 + 197*m**2 + 739*m - 2520. Determine q(102).
30
Let s(p) = -7*p**2 - 10130*p + 102052. What is s(10)?
52
Let q(r) = -11*r**3 + 19*r**2 + 13*r - 11. What is q(0)?
-11
Let p(l) = 3*l**3 + 7*l**2 + 6883*l + 41352. What is p(-6)?
-342
Let j(i) = -45*i**2 + 914*i - 174. Calculate j(20).
106
Let o(t) = 479*t - 27343. Give o(58).
439
Let h(i) = 4649*i - 46563. Give h(10).
-73
Let b(g) = -g**2 + 38785*g - 2362163. Determine b(61).
1
Let x(j) = 6*j**2 - 40*j + 68. Calculate x(2).
12
Let t(r) = -495*r**2 - 118800*r + 2. What is t(-240)?
2
Let i(h) = -h**3 + 21*h**2 + 15*h - 674. Determine i(23).
-1387
Let j(a) = a**3 - 27*a**2 - 45*a + 34. Calculate j(29).
411
Let y(i) = -4984*i + 20011. Give y(4).
75
Let z(m) = 23*m**2 + 95*m + 662. What is z(-13)?
3314
Let c(f) = 2*f**3 + 57*f**2 - 22598*f - 25772. Determine c(-121).
1
Let n(p) = 2*p**3 - 30*p**2 + 46*p + 474. Determine n(10).
-66
Let r(d) = 1098*d + 16452. Determine r(-16).
-1116
Let n(a) = 370*a - 1685. Give n(5).
165
Let g(f) = 22945*f + 321246. What is g(-14)?
16
Let b(c) = -1616*c**2 - 1857*c - 255. Determine b(-1).
-14
Let f(a) = 2303*a + 237251. Give f(-103).
42
Let u(d) = 2*d**3 - 20*d**2 + 1500*d - 13344. Give u(9).
-6
Let q(y) = -8412*y - 14687349. Determine q(-1746).
3
Let m(s) = -2*s**2 - 87*s + 753. Give m(-50).
103
Let m(r) = -4684*r + 93706. Give m(20).
26
Let j(r) = 8*r**2 - 78*r - 83. Calculate j(-1).
3
Let o(p) = -6533*p + 372317. Give o(57).
-64
Let l(u) = -4290*u - 845131. Give l(-197).
-1
Let d(l) = -29*l**2 + 165*l - 248. Calculate d(6).
-302
Let l(y) = 347739*y + 6259293. What is l(-18)?
-9
Let f(z) = -z**3 + z**2 - 56*z + 133. Determine f(0).
133
Let j(k) = -4*k**2 + 850*k - 5022. Calculate j(6).
-66
Let c(g) = 2*g**2 + 204*g + 6976. Give c(-62).
2016
Let c(b) = 5*b**3 + 1086*b**2 - 865*b + 572. Determine c(-218).
-954
Let h(a) = 2*a**2 + 27725*a + 526042. Calculate h(-19).
-11
Let c(i) = -1117*i - 12967. Calculate c(-10).
-1797
Let d(s) = 6*s**2 + 2491*s + 9929. Calculate d(-4).
61
Let u(l) = 536588*l + 1073146. Determine u(-2).
-30
Let j(o) = -48*o - 2900. What is j(-63)?
124
Let g(j) = 141*j**2 + 10290*j - 234. What is g(-73)?
-15
Let l(y) = -208*y + 5046. Determine l(15).
1926
Let g(a) = 426414*a - 1705695. Determine g(4).
-39
Let j(r) = r**2 - 8772*r + 96366. What is j(11)?
-5
Let v(a) = 11*a**2 - 1118*a + 793. Determine v(101).
86
Let f(r) = 8034*r + 96214. What is f(-12)?
-194
Let k(b) = 535*b - 12783. Determine k(24).
57
Let m(c) = -8094*c + 145565. What is m(18)?
-127
Let l(v) = -202*v**2 - 6034*v + 394. What is l(-30)?
-386
Let y(u) = -u**2 - 750*u + 265137. Determine y(262).
-7
Let v(f) = -f**2 + 836*f - 12800. Determine v(16).
320
Let f(b) = -3*b**2 - 1602*b + 192379. Give f(101).
-26
Let u(p) = -38*p**3 - 990*p**2 - 48*p + 41. What is u(-26)?
-63
Let c(d) = -81*d + 29072. What is c(359)?
-7
Let m(g) = -5*g**3 + 186*g**2 - 84*g + 1500. Determine m(37).
-239
Let d(r) = 1124*r + 113754. Determine d(-101).
230
Let h(d) = 259*d + 571. Calculate h(-2).
53
Let z(y) = y**3 - 56*y**2 - 345*y + 2496. Calculate z(61).
56
Let s(o) = 127834*o - 8053515. What is s(63)?
27
Let x(a) = 1673*a - 7089. Calculate x(4).
-397
Let m(a) = -483*a**2 - 7733*a - 7313. Determine m(-15).
7
Let a(v) = -v**3 + 11*v**2 + 173*v - 208. Determine a(-10).
162
Let n(x) = 16266*x + 130154. Calculate n(-8).
26
Let l(y) = 179*y**2 - 2109*y + 1. What is l(12)?
469
Let k(i) = -60630*i - 303405. What is k(-5)?
-255
Let c(v) = 33446*v**2 - 66829*v + 8. What is c(2)?
134
Let c(d) = -d**3 + 12*d**2 - 2479*d + 12372. Determine c(5).
152
Let o(n) = 3705*n - 18050. Give o(5).
475
Let g(o) = -21*o**2 + 2809*o + 3502